when d is divided by 20?
0
Suppose -363*z + 108 = -354*z. What is the remainder when 2926 is divided by z?
10
Let f(p) = 3*p + 26. What is the remainder when f(-5) is divided by 6?
5
Let n(h) = -h**3 - h**2 + 7*h + 5. Suppose 3*k = 74 + 43. Suppose -k = 4*t - 6*t + 3*j, 0 = -2*j - 2. Calculate the remainder when n(-5) is divided by t.
16
Suppose 0 = -4*v + 4, -v - 8 = -n - 3*v. Let u = -14 - -9. What is the remainder when 24/(-30) + (-114)/u is divided by n?
4
Suppose 2*k - 260 = 100. Suppose -3*m = -4*b - k, 3*m + 0*b - 5*b = 180. What is the remainder when m is divided by (2/4)/(14/77 - 113/682)?
29
Let c = 1131 - 1067. Calculate the remainder when c is divided by 39.
25
Let j = 9 - -3. Suppose -j*x = -11*x - 36. What is the remainder when x is divided by 19?
17
Let s(n) = -n**2 + 26*n - 22. Let j be s(25). What is the remainder when 123 is divided by 7*(-1 + j)/((-2)/(-3))?
18
Let m = -371 + 443. What is the remainder when 359 is divided by m?
71
Let n(b) = -b - 1. Let g(u) = -3*u - 2. Let j(q) = -4*g(q) + 7*n(q). Calculate the remainder when (1 + -2)*106*(-4)/8 is divided by j(2).
9
Suppose 194*r - 205*r + 638 = 0. Let b = 23 + -3. What is the remainder when r is divided by b?
18
Suppose -4*d - 5*j = -13, -3*d + 3*j - j + 4 = 0. Suppose 5*t + 192 = 4*z, -z + 18 + 27 = -d*t. What is the remainder when z is divided by 28?
25
Let k(p) = p**2 + p. Let r(i) = 4*i**2 - 24*i - 58. Let a(b) = 5*k(b) - r(b). Calculate the remainder when a(-27) is divided by 4.
0
Let y = 172 - 98. Let u = -19 + 26. Let o(t) = -t**2 + 9*t + 5. What is the remainder when y is divided by o(u)?
17
Suppose -22 = -2*p + 38*z - 36*z, 5*p - 73 = -z. Let x(t) = 2*t**2 - 2*t - 4. What is the remainder when x(5) is divided by p?
8
Let t(x) = -x**3 - 19*x**2 - 16*x + 23. Let i(a) = a**3 + 19*a**2 + 15*a - 24. Let d(b) = 3*i(b) + 4*t(b). Calculate the remainder when d(-18) is divided by 18.
2
Let p be (-2)/2 - 0/4. Calculate the remainder when (-50)/6*(-2 + p) is divided by ((65/(-10))/((-3)/(-6)))/(-1).
12
Suppose 11*l + 4 = 48. Suppose 3*q + 5*j + 18 - 53 = 0, 5*q - 69 = -3*j. What is the remainder when q is divided by l?
3
Let n = 47 + -44. Suppose -n*t + 48 = -t. What is the remainder when 71 is divided by t?
23
Let s(w) = -12*w - 208. Calculate the remainder when 77 is divided by s(-20).
13
Let t(h) = -8*h - 2. Let s(w) = -w**2 - 10*w + 9. Let i be s(-11). What is the remainder when t(i) is divided by (0 - 1/2)*(-888)/111?
2
Suppose -2*a = -4*p, -p = -5*a - 2*p. Let j(q) = -29 + q + 60 - 3*q. Calculate the remainder when j(a) is divided by 16.
15
Let j = 22 - 18. Let c be -4*((-42)/4)/7. Suppose 0 = -v + c*v - 75. Calculate the remainder when v is divided by j.
3
Let w(f) be the third derivative of 5*f**5/3 + f**4/6 + f**3/3 - 4*f**2. Let a be w(-3). Calculate the remainder when a/(-20)*(-3 - -1) is divided by 30.
29
What is the remainder when ((-91098)/35)/(-6) - 1/(-5) is divided by 29?
28
Let k(t) = 6*t - 15. What is the remainder when k(15) is divided by (2 + -9)*40/(-14)?
15
Suppose -4*c + i = -31, -5*i + 13 = -12. What is the remainder when 46 is divided by (c/(-2))/((-69)/368)?
22
Suppose 31 = j - 9. What is the remainder when 117 is divided by j?
37
Let q(o) = o + o + o**3 - 2*o**2 - 4*o + 6*o. Let z(g) = -10*g + 2. Calculate the remainder when q(3) is divided by z(-1).
9
Let p(g) = 6*g - 1. Let j(n) = -n**3 - 11*n**2 - 11*n - 14. Let k be j(-10). Let w be p(k). Let t = 40 + w. Calculate the remainder when 29 is divided by t.
14
Let t(u) be the first derivative of 5*u**2/2 - 8*u - 10. Calculate the remainder when t(16) is divided by 38.
34
Suppose f + g = 296, -4*f + 800 = -3*g - 377. What is the remainder when f is divided by 78?
61
Suppose 88 = -6*o + 2*o. Let i = 39 + o. Calculate the remainder when 65 is divided by i.
14
Let v(t) = -3 - 14*t + 4 - t - 4. Let i(w) = -74*w - 16. Let a(o) = 2*i(o) - 11*v(o). What is the remainder when 71 is divided by a(1)?
17
Let q be (-17)/(-3) - (12/9)/(-4). What is the remainder when 46 is divided by ((-4)/q)/((18/(-189))/1)?
4
Let l(v) = -v + 38. Calculate the remainder when l(8) is divided by 7.
2
Suppose -4*m - m + 3557 = -2*c, -5*m - 5*c + 3585 = 0. What is the remainder when m is divided by 51?
50
Suppose -5*y = 2*p - 501, -y + 3*p - 10 + 100 = 0. Let l = -12 - -29. Calculate the remainder when y is divided by l.
14
Suppose 2*v = -2*v - 16, 57 = 3*s + 3*v. Suppose -3*l - l = 24. Calculate the remainder when (-15)/l*-3*-12 is divided by s.
21
Suppose -5*v - 59 - 36 = -5*u, -135 = -5*u - 3*v. Let c = -11 + u. Suppose 4*b - 11 - 9 = 0. Calculate the remainder when c is divided by b.
3
Suppose -w + 88 = w + 4*h, 4*w - 2*h = 206. What is the remainder when w is divided by 9?
5
Suppose -61*r + 30178 = 2057. Calculate the remainder when r is divided by 8.
5
Let c = -84 - -92. Suppose -3*t - 7 = 2. Calculate the remainder when c is divided by (t + (-1 - 1))/(-1).
3
Suppose 650*a - 7560 = 629*a. What is the remainder when a is divided by 11?
8
Let q = -41 + 46. Suppose -5*y = -w + 66, -w - q*y + 26 = -2*y. Calculate the remainder when 81 is divided by w.
40
Let v(o) = 92*o**2 - 22*o - 4. What is the remainder when v(-2) is divided by 10?
8
Suppose 3*x + 3*u + 70 = 5*x, 3*x = 2*u + 110. Suppose 0 = 4*d - x - 54. Calculate the remainder when 68 is divided by d.
22
Let p = 46 - -54. Calculate the remainder when p is divided by ((-1326)/273)/((-2)/14).
32
Let u(l) = l**3 + 9*l**2 - 12*l - 16. Let t be u(-10). Let r(d) = 6*d - 15. Calculate the remainder when 43 is divided by r(t).
7
Let z = 23 - 24. Calculate the remainder when 56 is divided by z*(-29)/(-1 + 2).
27
Suppose 3*w + 20 = 35. What is the remainder when 9 is divided by w?
4
Let o(a) = -a**3 - 3*a**2 + 4*a + 9. What is the remainder when 104 is divided by o(-4)?
5
Calculate the remainder when 339 is divided by (-292)/(-5) + 3 + 187/(-55).
49
Suppose -4*l + 127 = 3. Suppose -n + 4 = -0, -3*i - 4*n = 74. Let h = -21 - i. Calculate the remainder when l is divided by h.
4
Let j be (3 - 5*-2) + 2 - 3. Suppose -19 = -2*l + 5*k, 2*k + 2*k = j. Calculate the remainder when 64 is divided by l.
13
Suppose 19*g = -10*g + 348. What is the remainder when 67 is divided by g?
7
Let d(g) = 2*g**3 - 26*g**2 + 2*g - 5. Calculate the remainder when d(13) is divided by 1148/98 + 2/7.
9
Suppose -13*b = -9*b - 40. What is the remainder when 98 is divided by b?
8
Suppose -i + 625 = 5*l + 4*i, -2*l + 238 = -2*i. What is the remainder when l is divided by 4?
2
Suppose 3 = -2*g + 5. Let h(a) = 26*a**2. Calculate the remainder when 127 is divided by h(g).
23
Let v = 50 + -15. What is the remainder when v is divided by 19?
16
Let x = -1556 - -1631. What is the remainder when 898 is divided by x?
73
Suppose 0*j + 45 = 3*j + 2*h, 0 = 2*h + 12. Suppose 32 = -5*u + 4*u. Let v = -22 - u. What is the remainder when j is divided by v?
9
Let j(m) = 3*m**2 + 10*m + 5. Let z be 6 - (11/9 + (-38)/171). What is the remainder when j(z) is divided by 22?
20
Let z = -225 + 269. Calculate the remainder when 123 is divided by z.
35
Suppose -301 - 509 = -18*v. What is the remainder when 353 is divided by v?
38
Suppose j - 4*d + 0 + 8 = 0, 8 = -j - 5*d. Calculate the remainder when (-2)/j + (-1569)/(-12) is divided by 44.
43
Suppose 30*s + 424 = 35*s - 4*h, 3*h = -2*s + 165. Calculate the remainder when s is divided by 53.
31
Let a = -165 - -266. Calculate the remainder when a is divided by 26.
23
What is the remainder when (5/3 - 1) + (-3764)/(-6) is divided by 15?
13
Let b = -1860 + 1913. What is the remainder when 59 is divided by b?
6
Suppose 4*r - 24 = -2*l, 5*l + r - 46 = 2*l. Let a(g) be the first derivative of 4*g**3/3 - 3*g**2 + 6*g - 1. Calculate the remainder when a(4) is divided by l.
14
Let t = 557 + -321. Calculate the remainder when t is divided by 14.
12
Let f be ((-2)/(-3))/((-17)/306). Let j = f + 17. Suppose 0 = -j*z - z + 60. Calculate the remainder when 29 is divided by z.
9
What is the remainder when 1/((-128)/(-126) + -1) is divided by 16?
15
Let g(i) = 65*i**3 - i**2 + 1. Let t be g(1). Suppose 5*m + 255 = 5*y - t, -5*m + 25 = 0. Calculate the remainder when y is divided by 14.
13
Let w = 243 - 224. What is the remainder when 71 is divided by w?
14
Let c = 114 - 54. Let r be 76/14 - (-12)/(-28